{"id":18082,"date":"2022-05-17T14:55:35","date_gmt":"2022-05-17T12:55:35","guid":{"rendered":"https:\/\/cvipek.hr\/?page_id=18082"},"modified":"2022-05-17T19:12:49","modified_gmt":"2022-05-17T17:12:49","slug":"o-nama","status":"publish","type":"page","link":"https:\/\/cvipek.hr\/2021\/o-nama\/","title":{"rendered":"O nama"},"content":{"rendered":"[vc_row gap=&#8221;56&#8243; equal_height=&#8221;yes&#8221; content_placement=&#8221;middle&#8221; element_id=&#8221;804752&#8243; grid_overlay=&#8221;black&#8221; css=&#8221;.vc_custom_1652807566786{padding-top: 80px !important;padding-bottom: 45px !important;}&#8221;][vc_column width=&#8221;1\/2&#8243;]<span class=\"et-gap et-clearfix et-gap-352379\"><\/span><h2 class=\"et-heading text-align-left tablet-text-align-inherit mobile-text-align-inherit animate-false no-animation-type\" id=\"et-heading-266906\" data-delay=\"0\" data-mobile-font=\"inherit\" data-mobile-line-height=\"inherit\" data-tablet-landscape-font=\"inherit\" data-tablet-portrait-font=\"inherit\" data-tablet-landscape-line-height=\"inherit\" data-tablet-portrait-line-height=\"inherit\" data-parallax=\"false\" data-move=\"false\" data-coordinatex=\"0\" data-coordinatey=\"0\" data-speed=\"10\"><span class=\"text-wrapper\"><span class=\"text\">O nama<\/span><\/span><\/h2><span class=\"et-gap et-clearfix et-gap-352379\"><\/span>[vc_column_text animation_delay=&#8221;0&#8243;]Tvrtka\u00a0<strong>CVIPEK d.o.o.\u00a0<\/strong>osnovana je 1994. godine i od tada neprekidno radi.<br \/>\nNa\u0161i proizvodni pogoni nalaze se u Ivani\u0107-Gradu i obuhva\u0107aju pogone za separiranje-klasiranje materijala.<\/p>\n<p>U mogu\u0107nosti smo vam ponuditi sve vrste prirodnog i separiranog \u0161ljunka, agregata za beton i asfalt te gotovog svje\u017eeg betona. Pored toga, nudimo Vam usluge prijevoza i ugradnje betona pumpama kao i usluge svih vrsta zemljanih i gra\u0111evinskih radova.<\/p>\n<p><strong>Cvipek d.o.o.\u00a0proizvodi i prodaje sve vrste transportnog\u00a0 betona.<\/strong>\u00a0Beton se proizvodi suvremenim kompjuterski upravljanim postrojenjem ORU kapaciteta 60 m\u00b3\/h.<\/p>\n<p>Za proizvodnju betona posjedujemo <strong>certifikat tvorni\u010dke proizvodnje prema HRN EN 206- 1<\/strong> certificirana betonara od 2007 g.<\/p>\n<p>Za proizvodnju kamena posjedujemo <strong>suvremena\u00a0 mobilna postrojenja za drobljenje i prosijavanje kamena<\/strong> \u010dime osiguravamo sigurnost isporuke i visok standard kvalitete.<\/p>\n<p>U sklopu na\u0161e ponude je i <strong>transport na gradili\u0161te<\/strong> kao i <strong>ugradnja kamena<\/strong> \u010dime kupcu pru\u017eamo kompletnu uslugu.[\/vc_column_text]<span class=\"et-gap et-clearfix et-gap-352379\"><\/span>[\/vc_column][vc_column width=&#8221;1\/2&#8243;][vc_single_image image=&#8221;18088&#8243; img_size=&#8221;500&#215;500&#8243; alignment=&#8221;center&#8221; style=&#8221;vc_box_outline_circle_2&#8243; css_animation=&#8221;top-to-bottom&#8221;]<span class=\"et-gap et-clearfix et-gap-352379\"><\/span>[\/vc_column][\/vc_row]\n","protected":false},"excerpt":{"rendered":"<p>[vc_row gap=&#8221;56&#8243; equal_height=&#8221;yes&#8221; content_placement=&#8221;middle&#8221; element_id=&#8221;804752&#8243; grid_overlay=&#8221;black&#8221; css=&#8221;.vc_custom_1652807566786{padding-top: 80px !important;padding-bottom: 45px !important;}&#8221;][vc_column width=&#8221;1\/2&#8243;][vc_column_text animation_delay=&#8221;0&#8243;]Tvrtka\u00a0CVIPEK d.o.o.\u00a0osnovana je 1994. godine i od tada neprekidno radi. Na\u0161i proizvodni pogoni nalaze se u Ivani\u0107-Gradu i obuhva\u0107aju pogone za separiranje-klasiranje materijala. U mogu\u0107nosti smo vam ponuditi sve vrste prirodnog i separiranog \u0161ljunka, agregata za beton i asfalt te gotovog svje\u017eeg betona. [&hellip;]<\/p>\n","protected":false},"author":1,"featured_media":0,"parent":0,"menu_order":0,"comment_status":"closed","ping_status":"closed","template":"page-vc.php","meta":{"footnotes":""},"class_list":["post-18082","page","type-page","status-publish","hentry"],"_links":{"self":[{"href":"https:\/\/cvipek.hr\/2021\/wp-json\/wp\/v2\/pages\/18082","targetHints":{"allow":["GET"]}}],"collection":[{"href":"https:\/\/cvipek.hr\/2021\/wp-json\/wp\/v2\/pages"}],"about":[{"href":"https:\/\/cvipek.hr\/2021\/wp-json\/wp\/v2\/types\/page"}],"author":[{"embeddable":true,"href":"https:\/\/cvipek.hr\/2021\/wp-json\/wp\/v2\/users\/1"}],"replies":[{"embeddable":true,"href":"https:\/\/cvipek.hr\/2021\/wp-json\/wp\/v2\/comments?post=18082"}],"version-history":[{"count":17,"href":"https:\/\/cvipek.hr\/2021\/wp-json\/wp\/v2\/pages\/18082\/revisions"}],"predecessor-version":[{"id":18156,"href":"https:\/\/cvipek.hr\/2021\/wp-json\/wp\/v2\/pages\/18082\/revisions\/18156"}],"wp:attachment":[{"href":"https:\/\/cvipek.hr\/2021\/wp-json\/wp\/v2\/media?parent=18082"}],"curies":[{"name":"wp","href":"https:\/\/api.w.org\/{rel}","templated":true}]}}